{"id":23,"date":"2025-05-10T21:24:32","date_gmt":"2025-05-10T21:24:32","guid":{"rendered":"https:\/\/estudio75.cl\/?page_id=23"},"modified":"2025-06-21T22:29:12","modified_gmt":"2025-06-21T22:29:12","slug":"nosotros","status":"publish","type":"page","link":"https:\/\/estudio75.cl\/index.php\/nosotros\/","title":{"rendered":"Nosotros"},"content":{"rendered":"\t\t<div data-elementor-type=\"wp-page\" data-elementor-id=\"23\" class=\"elementor elementor-23\" data-elementor-post-type=\"page\">\n\t\t\t\t<div class=\"elementor-element elementor-element-55754a4 e-flex e-con-boxed e-con e-parent\" data-id=\"55754a4\" data-element_type=\"container\" data-e-type=\"container\" data-settings=\"{&quot;background_background&quot;:&quot;classic&quot;}\">\n\t\t\t\t\t<div class=\"e-con-inner\">\n\t\t\t\t<div class=\"elementor-element elementor-element-f1ba9df elementor-widget elementor-widget-heading\" data-id=\"f1ba9df\" data-element_type=\"widget\" data-e-type=\"widget\" data-widget_type=\"heading.default\">\n\t\t\t\t\t<h1 class=\"elementor-heading-title elementor-size-default\">Nosotros<\/h1>\t\t\t\t<\/div>\n\t\t\t\t\t<\/div>\n\t\t\t\t<\/div>\n\t\t<div class=\"elementor-element elementor-element-995e840 e-flex e-con-boxed e-con e-parent\" data-id=\"995e840\" data-element_type=\"container\" data-e-type=\"container\" data-settings=\"{&quot;background_background&quot;:&quot;classic&quot;}\">\n\t\t\t\t\t<div class=\"e-con-inner\">\n\t\t\t\t<div class=\"elementor-element elementor-element-a816e91 elementor-widget elementor-widget-text-editor\" data-id=\"a816e91\" data-element_type=\"widget\" data-e-type=\"widget\" data-widget_type=\"text-editor.default\">\n\t\t\t\t\t\t\t\t\t<p data-start=\"175\" data-end=\"658\"><strong data-start=\"175\" data-end=\"189\">Estudio 75<\/strong> es una unidad especializada que nace al alero de <strong data-start=\"239\" data-end=\"257\">BE Arquitectos<\/strong>, una empresa de gran envergadura con m\u00e1s de 20 a\u00f1os de experiencia en el desarrollo integral de proyectos de arquitectura y construcci\u00f3n. BE Arquitectos se ha consolidado en el mercado por su capacidad de abordar obras de diversa escala y complejidad, desde galpones industriales hasta viviendas entregadas con llave en mano, incluyendo dise\u00f1o arquitect\u00f3nico, gesti\u00f3n de permisos y ejecuci\u00f3n de obra.<\/p><p data-start=\"660\" data-end=\"1065\">A partir de esta s\u00f3lida base, <strong data-start=\"690\" data-end=\"711\">Mauricio Encalada<\/strong>, fundador de BE Arquitectos, junto a <strong data-start=\"749\" data-end=\"769\">Nicol\u00e1s Encalada<\/strong>, dan vida a Estudio 75: una l\u00ednea enfocada en proyectos habitacionales de menor escala, con un alto est\u00e1ndar de dise\u00f1o, funcionalidad y est\u00e9tica. Nuestra misi\u00f3n es mejorar la calidad de vida de las personas a trav\u00e9s de soluciones arquitect\u00f3nicas integrales para espacios interiores y exteriores.<\/p><p data-start=\"1067\" data-end=\"1262\">Nos especializamos en el dise\u00f1o y remodelaci\u00f3n de quinchos, cocinas, terrazas, piscinas y paisajismo, creando ambientes \u00fanicos, pensados a medida y con un enfoque cercano, creativo y profesional.<\/p>\t\t\t\t\t\t\t\t<\/div>\n\t\t\t\t<div class=\"elementor-element elementor-element-fcdceed elementor-align-center elementor-widget elementor-widget-button\" data-id=\"fcdceed\" data-element_type=\"widget\" data-e-type=\"widget\" data-widget_type=\"button.default\">\n\t\t\t\t\t\t\t\t\t\t<a class=\"elementor-button elementor-button-link elementor-size-sm\" href=\"https:\/\/estudio75.cl\/index.php\/contacto\/\">\n\t\t\t\t\t\t<span class=\"elementor-button-content-wrapper\">\n\t\t\t\t\t\t\t\t\t<span class=\"elementor-button-text\">Cont\u00e1ctanos y transforma tu espacio<\/span>\n\t\t\t\t\t<\/span>\n\t\t\t\t\t<\/a>\n\t\t\t\t\t\t\t\t<\/div>\n\t\t\t\t\t<\/div>\n\t\t\t\t<\/div>\n\t\t<div class=\"elementor-element elementor-element-a3e81fe e-flex e-con-boxed e-con e-parent\" data-id=\"a3e81fe\" data-element_type=\"container\" data-e-type=\"container\" data-settings=\"{&quot;background_background&quot;:&quot;classic&quot;}\">\n\t\t\t\t\t<div class=\"e-con-inner\">\n\t\t\t\t<div class=\"elementor-element elementor-element-882e45c elementor-widget elementor-widget-text-editor\" data-id=\"882e45c\" data-element_type=\"widget\" data-e-type=\"widget\" data-widget_type=\"text-editor.default\">\n\t\t\t\t\t\t\t\t\t<h2>En Estudio 75, creemos que cada rinc\u00f3n tiene el potencial de convertirse en un espacio que inspire y se viva con sentido.<\/h2>\t\t\t\t\t\t\t\t<\/div>\n\t\t\t\t\t<\/div>\n\t\t\t\t<\/div>\n\t\t<div class=\"elementor-element elementor-element-1623901 e-flex e-con-boxed e-con e-parent\" data-id=\"1623901\" data-element_type=\"container\" data-e-type=\"container\">\n\t\t\t\t\t<div class=\"e-con-inner\">\n\t\t\t\t<div class=\"elementor-element elementor-element-6a5afc5 elementor-arrows-position-inside elementor-pagination-position-outside elementor-widget elementor-widget-image-carousel\" data-id=\"6a5afc5\" data-element_type=\"widget\" data-e-type=\"widget\" data-settings=\"{&quot;image_spacing_custom&quot;:{&quot;unit&quot;:&quot;px&quot;,&quot;size&quot;:30,&quot;sizes&quot;:[]},&quot;navigation&quot;:&quot;both&quot;,&quot;autoplay&quot;:&quot;yes&quot;,&quot;pause_on_hover&quot;:&quot;yes&quot;,&quot;pause_on_interaction&quot;:&quot;yes&quot;,&quot;autoplay_speed&quot;:5000,&quot;infinite&quot;:&quot;yes&quot;,&quot;speed&quot;:500,&quot;image_spacing_custom_widescreen&quot;:{&quot;unit&quot;:&quot;px&quot;,&quot;size&quot;:&quot;&quot;,&quot;sizes&quot;:[]},&quot;image_spacing_custom_laptop&quot;:{&quot;unit&quot;:&quot;px&quot;,&quot;size&quot;:&quot;&quot;,&quot;sizes&quot;:[]},&quot;image_spacing_custom_tablet_extra&quot;:{&quot;unit&quot;:&quot;px&quot;,&quot;size&quot;:&quot;&quot;,&quot;sizes&quot;:[]},&quot;image_spacing_custom_tablet&quot;:{&quot;unit&quot;:&quot;px&quot;,&quot;size&quot;:&quot;&quot;,&quot;sizes&quot;:[]},&quot;image_spacing_custom_mobile_extra&quot;:{&quot;unit&quot;:&quot;px&quot;,&quot;size&quot;:&quot;&quot;,&quot;sizes&quot;:[]},&quot;image_spacing_custom_mobile&quot;:{&quot;unit&quot;:&quot;px&quot;,&quot;size&quot;:&quot;&quot;,&quot;sizes&quot;:[]}}\" data-widget_type=\"image-carousel.default\">\n\t\t\t\t\t\t\t<div class=\"elementor-image-carousel-wrapper swiper\" role=\"region\" aria-roledescription=\"carousel\" aria-label=\"Carrusel de im\u00e1genes\" dir=\"ltr\">\n\t\t\t<div class=\"elementor-image-carousel swiper-wrapper\" aria-live=\"off\">\n\t\t\t\t\t\t\t\t<div class=\"swiper-slide\" role=\"group\" aria-roledescription=\"slide\" aria-label=\"1 de 6\"><figure class=\"swiper-slide-inner\"><img decoding=\"async\" class=\"swiper-slide-image\" src=\"https:\/\/estudio75.cl\/wp-content\/uploads\/2025\/06\/proyecto1.jpg\" alt=\"proyecto1\" \/><\/figure><\/div><div class=\"swiper-slide\" role=\"group\" aria-roledescription=\"slide\" aria-label=\"2 de 6\"><figure class=\"swiper-slide-inner\"><img decoding=\"async\" class=\"swiper-slide-image\" src=\"https:\/\/estudio75.cl\/wp-content\/uploads\/2025\/06\/proyecto2.jpg\" alt=\"proyecto2\" \/><\/figure><\/div><div class=\"swiper-slide\" role=\"group\" aria-roledescription=\"slide\" aria-label=\"3 de 6\"><figure class=\"swiper-slide-inner\"><img decoding=\"async\" class=\"swiper-slide-image\" src=\"https:\/\/estudio75.cl\/wp-content\/uploads\/2025\/06\/proyecto4.jpg\" alt=\"proyecto4\" \/><\/figure><\/div><div class=\"swiper-slide\" role=\"group\" aria-roledescription=\"slide\" aria-label=\"4 de 6\"><figure class=\"swiper-slide-inner\"><img decoding=\"async\" class=\"swiper-slide-image\" src=\"https:\/\/estudio75.cl\/wp-content\/uploads\/2025\/06\/proyecto5.jpg\" alt=\"proyecto5\" \/><\/figure><\/div><div class=\"swiper-slide\" role=\"group\" aria-roledescription=\"slide\" aria-label=\"5 de 6\"><figure class=\"swiper-slide-inner\"><img decoding=\"async\" class=\"swiper-slide-image\" src=\"https:\/\/estudio75.cl\/wp-content\/uploads\/2025\/06\/proyecto6.jpg\" alt=\"proyecto6\" \/><\/figure><\/div><div class=\"swiper-slide\" role=\"group\" aria-roledescription=\"slide\" aria-label=\"6 de 6\"><figure class=\"swiper-slide-inner\"><img decoding=\"async\" class=\"swiper-slide-image\" src=\"https:\/\/estudio75.cl\/wp-content\/uploads\/2025\/06\/proyecto7.jpg\" alt=\"proyecto7\" \/><\/figure><\/div>\t\t\t<\/div>\n\t\t\t\t\t\t\t\t\t\t\t\t<div class=\"elementor-swiper-button elementor-swiper-button-prev\" role=\"button\" tabindex=\"0\">\n\t\t\t\t\t\t<svg aria-hidden=\"true\" class=\"e-font-icon-svg e-eicon-chevron-left\" viewBox=\"0 0 1000 1000\" xmlns=\"http:\/\/www.w3.org\/2000\/svg\"><path d=\"M646 125C629 125 613 133 604 142L308 442C296 454 292 471 292 487 292 504 296 521 308 533L604 854C617 867 629 875 646 875 663 875 679 871 692 858 704 846 713 829 713 812 713 796 708 779 692 767L438 487 692 225C700 217 708 204 708 187 708 171 704 154 692 142 675 129 663 125 646 125Z\"><\/path><\/svg>\t\t\t\t\t<\/div>\n\t\t\t\t\t<div class=\"elementor-swiper-button elementor-swiper-button-next\" role=\"button\" tabindex=\"0\">\n\t\t\t\t\t\t<svg aria-hidden=\"true\" class=\"e-font-icon-svg e-eicon-chevron-right\" viewBox=\"0 0 1000 1000\" xmlns=\"http:\/\/www.w3.org\/2000\/svg\"><path d=\"M696 533C708 521 713 504 713 487 713 471 708 454 696 446L400 146C388 133 375 125 354 125 338 125 325 129 313 142 300 154 292 171 292 187 292 204 296 221 308 233L563 492 304 771C292 783 288 800 288 817 288 833 296 850 308 863 321 871 338 875 354 875 371 875 388 867 400 854L696 533Z\"><\/path><\/svg>\t\t\t\t\t<\/div>\n\t\t\t\t\n\t\t\t\t\t\t\t\t\t<div class=\"swiper-pagination\"><\/div>\n\t\t\t\t\t\t\t\t\t<\/div>\n\t\t\t\t\t\t<\/div>\n\t\t\t\t\t<\/div>\n\t\t\t\t<\/div>\n\t\t\t\t<\/div>\n\t\t","protected":false},"excerpt":{"rendered":"<p>Nosotros Estudio 75 es una unidad especializada que nace al alero de BE Arquitectos, una empresa de gran envergadura con m\u00e1s de 20 a\u00f1os de experiencia en el desarrollo integral de proyectos de arquitectura y construcci\u00f3n. BE Arquitectos se ha consolidado en el mercado por su capacidad de abordar obras de diversa escala y complejidad, [&hellip;]<\/p>\n","protected":false},"author":1,"featured_media":0,"parent":0,"menu_order":0,"comment_status":"closed","ping_status":"closed","template":"elementor_header_footer","meta":{"footnotes":""},"class_list":["post-23","page","type-page","status-publish","hentry"],"yoast_head":"<!-- This site is optimized with the Yoast SEO plugin v27.4 - https:\/\/yoast.com\/product\/yoast-seo-wordpress\/ -->\n<title>Nosotros - Estudio 75<\/title>\n<meta name=\"robots\" content=\"index, follow, max-snippet:-1, max-image-preview:large, max-video-preview:-1\" \/>\n<link rel=\"canonical\" href=\"https:\/\/estudio75.cl\/index.php\/nosotros\/\" \/>\n<meta property=\"og:locale\" content=\"es_ES\" \/>\n<meta property=\"og:type\" content=\"article\" \/>\n<meta property=\"og:title\" content=\"Nosotros - Estudio 75\" \/>\n<meta property=\"og:description\" content=\"Nosotros Estudio 75 es una unidad especializada que nace al alero de BE Arquitectos, una empresa de gran envergadura con m\u00e1s de 20 a\u00f1os de experiencia en el desarrollo integral de proyectos de arquitectura y construcci\u00f3n. BE Arquitectos se ha consolidado en el mercado por su capacidad de abordar obras de diversa escala y complejidad, [&hellip;]\" \/>\n<meta property=\"og:url\" content=\"https:\/\/estudio75.cl\/index.php\/nosotros\/\" \/>\n<meta property=\"og:site_name\" content=\"Estudio 75\" \/>\n<meta property=\"article:publisher\" content=\"https:\/\/www.facebook.com\/estudio75\" \/>\n<meta property=\"article:modified_time\" content=\"2025-06-21T22:29:12+00:00\" \/>\n<meta property=\"og:image\" content=\"https:\/\/estudio75.cl\/wp-content\/uploads\/2025\/06\/proyecto1.jpg\" \/>\n<meta name=\"twitter:card\" content=\"summary_large_image\" \/>\n<meta name=\"twitter:label1\" content=\"Tiempo de lectura\" \/>\n\t<meta name=\"twitter:data1\" content=\"4 minutos\" \/>\n<script type=\"application\/ld+json\" class=\"yoast-schema-graph\">{\"@context\":\"https:\\\/\\\/schema.org\",\"@graph\":[{\"@type\":\"WebPage\",\"@id\":\"https:\\\/\\\/estudio75.cl\\\/index.php\\\/nosotros\\\/\",\"url\":\"https:\\\/\\\/estudio75.cl\\\/index.php\\\/nosotros\\\/\",\"name\":\"Nosotros - Estudio 75\",\"isPartOf\":{\"@id\":\"https:\\\/\\\/estudio75.cl\\\/#website\"},\"primaryImageOfPage\":{\"@id\":\"https:\\\/\\\/estudio75.cl\\\/index.php\\\/nosotros\\\/#primaryimage\"},\"image\":{\"@id\":\"https:\\\/\\\/estudio75.cl\\\/index.php\\\/nosotros\\\/#primaryimage\"},\"thumbnailUrl\":\"https:\\\/\\\/estudio75.cl\\\/wp-content\\\/uploads\\\/2025\\\/06\\\/proyecto1.jpg\",\"datePublished\":\"2025-05-10T21:24:32+00:00\",\"dateModified\":\"2025-06-21T22:29:12+00:00\",\"breadcrumb\":{\"@id\":\"https:\\\/\\\/estudio75.cl\\\/index.php\\\/nosotros\\\/#breadcrumb\"},\"inLanguage\":\"es\",\"potentialAction\":[{\"@type\":\"ReadAction\",\"target\":[\"https:\\\/\\\/estudio75.cl\\\/index.php\\\/nosotros\\\/\"]}]},{\"@type\":\"ImageObject\",\"inLanguage\":\"es\",\"@id\":\"https:\\\/\\\/estudio75.cl\\\/index.php\\\/nosotros\\\/#primaryimage\",\"url\":\"https:\\\/\\\/estudio75.cl\\\/wp-content\\\/uploads\\\/2025\\\/06\\\/proyecto1.jpg\",\"contentUrl\":\"https:\\\/\\\/estudio75.cl\\\/wp-content\\\/uploads\\\/2025\\\/06\\\/proyecto1.jpg\",\"width\":720,\"height\":542},{\"@type\":\"BreadcrumbList\",\"@id\":\"https:\\\/\\\/estudio75.cl\\\/index.php\\\/nosotros\\\/#breadcrumb\",\"itemListElement\":[{\"@type\":\"ListItem\",\"position\":1,\"name\":\"Portada\",\"item\":\"https:\\\/\\\/estudio75.cl\\\/\"},{\"@type\":\"ListItem\",\"position\":2,\"name\":\"Nosotros\"}]},{\"@type\":\"WebSite\",\"@id\":\"https:\\\/\\\/estudio75.cl\\\/#website\",\"url\":\"https:\\\/\\\/estudio75.cl\\\/\",\"name\":\"Estudio 75\",\"description\":\"Espacios cotidianos, experiencias extraordinarias.  En Estudio 75 dise\u00f1amos y construimos proyectos que transforman lo cotidiano en algo memorable. Somos un estudio especializado en arquitectura menor, dise\u00f1o de interiores y soluciones personalizadas como quinchos, piscinas y remodelaciones, combinando est\u00e9tica, funcionalidad y detalles que marcan la diferencia.  Como parte del ecosistema de BE Arquitectos \u2014firma con m\u00e1s de una d\u00e9cada de experiencia en dise\u00f1o y paisajismo\u2014 trabajamos con una mirada integral, profesional y cercana. Cada proyecto es \u00fanico, y lo abordamos desde la escucha, la creatividad y la eficiencia constructiva.  Creamos espacios que mejoran la vida de las personas, respetan su entorno y elevan la experiencia de habitar.\",\"publisher\":{\"@id\":\"https:\\\/\\\/estudio75.cl\\\/#organization\"},\"potentialAction\":[{\"@type\":\"SearchAction\",\"target\":{\"@type\":\"EntryPoint\",\"urlTemplate\":\"https:\\\/\\\/estudio75.cl\\\/?s={search_term_string}\"},\"query-input\":{\"@type\":\"PropertyValueSpecification\",\"valueRequired\":true,\"valueName\":\"search_term_string\"}}],\"inLanguage\":\"es\"},{\"@type\":\"Organization\",\"@id\":\"https:\\\/\\\/estudio75.cl\\\/#organization\",\"name\":\"Estudio 75\",\"url\":\"https:\\\/\\\/estudio75.cl\\\/\",\"logo\":{\"@type\":\"ImageObject\",\"inLanguage\":\"es\",\"@id\":\"https:\\\/\\\/estudio75.cl\\\/#\\\/schema\\\/logo\\\/image\\\/\",\"url\":\"https:\\\/\\\/estudio75.cl\\\/wp-content\\\/uploads\\\/2025\\\/05\\\/cropped-logo-apaisado.jpg\",\"contentUrl\":\"https:\\\/\\\/estudio75.cl\\\/wp-content\\\/uploads\\\/2025\\\/05\\\/cropped-logo-apaisado.jpg\",\"width\":1098,\"height\":252,\"caption\":\"Estudio 75\"},\"image\":{\"@id\":\"https:\\\/\\\/estudio75.cl\\\/#\\\/schema\\\/logo\\\/image\\\/\"},\"sameAs\":[\"https:\\\/\\\/www.facebook.com\\\/estudio75\",\"https:\\\/\\\/www.instagram.com\\\/estudio75.chile\\\/\"]}]}<\/script>\n<!-- \/ Yoast SEO plugin. -->","yoast_head_json":{"title":"Nosotros - Estudio 75","robots":{"index":"index","follow":"follow","max-snippet":"max-snippet:-1","max-image-preview":"max-image-preview:large","max-video-preview":"max-video-preview:-1"},"canonical":"https:\/\/estudio75.cl\/index.php\/nosotros\/","og_locale":"es_ES","og_type":"article","og_title":"Nosotros - Estudio 75","og_description":"Nosotros Estudio 75 es una unidad especializada que nace al alero de BE Arquitectos, una empresa de gran envergadura con m\u00e1s de 20 a\u00f1os de experiencia en el desarrollo integral de proyectos de arquitectura y construcci\u00f3n. BE Arquitectos se ha consolidado en el mercado por su capacidad de abordar obras de diversa escala y complejidad, [&hellip;]","og_url":"https:\/\/estudio75.cl\/index.php\/nosotros\/","og_site_name":"Estudio 75","article_publisher":"https:\/\/www.facebook.com\/estudio75","article_modified_time":"2025-06-21T22:29:12+00:00","og_image":[{"url":"https:\/\/estudio75.cl\/wp-content\/uploads\/2025\/06\/proyecto1.jpg","type":"","width":"","height":""}],"twitter_card":"summary_large_image","twitter_misc":{"Tiempo de lectura":"4 minutos"},"schema":{"@context":"https:\/\/schema.org","@graph":[{"@type":"WebPage","@id":"https:\/\/estudio75.cl\/index.php\/nosotros\/","url":"https:\/\/estudio75.cl\/index.php\/nosotros\/","name":"Nosotros - Estudio 75","isPartOf":{"@id":"https:\/\/estudio75.cl\/#website"},"primaryImageOfPage":{"@id":"https:\/\/estudio75.cl\/index.php\/nosotros\/#primaryimage"},"image":{"@id":"https:\/\/estudio75.cl\/index.php\/nosotros\/#primaryimage"},"thumbnailUrl":"https:\/\/estudio75.cl\/wp-content\/uploads\/2025\/06\/proyecto1.jpg","datePublished":"2025-05-10T21:24:32+00:00","dateModified":"2025-06-21T22:29:12+00:00","breadcrumb":{"@id":"https:\/\/estudio75.cl\/index.php\/nosotros\/#breadcrumb"},"inLanguage":"es","potentialAction":[{"@type":"ReadAction","target":["https:\/\/estudio75.cl\/index.php\/nosotros\/"]}]},{"@type":"ImageObject","inLanguage":"es","@id":"https:\/\/estudio75.cl\/index.php\/nosotros\/#primaryimage","url":"https:\/\/estudio75.cl\/wp-content\/uploads\/2025\/06\/proyecto1.jpg","contentUrl":"https:\/\/estudio75.cl\/wp-content\/uploads\/2025\/06\/proyecto1.jpg","width":720,"height":542},{"@type":"BreadcrumbList","@id":"https:\/\/estudio75.cl\/index.php\/nosotros\/#breadcrumb","itemListElement":[{"@type":"ListItem","position":1,"name":"Portada","item":"https:\/\/estudio75.cl\/"},{"@type":"ListItem","position":2,"name":"Nosotros"}]},{"@type":"WebSite","@id":"https:\/\/estudio75.cl\/#website","url":"https:\/\/estudio75.cl\/","name":"Estudio 75","description":"Espacios cotidianos, experiencias extraordinarias.  En Estudio 75 dise\u00f1amos y construimos proyectos que transforman lo cotidiano en algo memorable. Somos un estudio especializado en arquitectura menor, dise\u00f1o de interiores y soluciones personalizadas como quinchos, piscinas y remodelaciones, combinando est\u00e9tica, funcionalidad y detalles que marcan la diferencia.  Como parte del ecosistema de BE Arquitectos \u2014firma con m\u00e1s de una d\u00e9cada de experiencia en dise\u00f1o y paisajismo\u2014 trabajamos con una mirada integral, profesional y cercana. Cada proyecto es \u00fanico, y lo abordamos desde la escucha, la creatividad y la eficiencia constructiva.  Creamos espacios que mejoran la vida de las personas, respetan su entorno y elevan la experiencia de habitar.","publisher":{"@id":"https:\/\/estudio75.cl\/#organization"},"potentialAction":[{"@type":"SearchAction","target":{"@type":"EntryPoint","urlTemplate":"https:\/\/estudio75.cl\/?s={search_term_string}"},"query-input":{"@type":"PropertyValueSpecification","valueRequired":true,"valueName":"search_term_string"}}],"inLanguage":"es"},{"@type":"Organization","@id":"https:\/\/estudio75.cl\/#organization","name":"Estudio 75","url":"https:\/\/estudio75.cl\/","logo":{"@type":"ImageObject","inLanguage":"es","@id":"https:\/\/estudio75.cl\/#\/schema\/logo\/image\/","url":"https:\/\/estudio75.cl\/wp-content\/uploads\/2025\/05\/cropped-logo-apaisado.jpg","contentUrl":"https:\/\/estudio75.cl\/wp-content\/uploads\/2025\/05\/cropped-logo-apaisado.jpg","width":1098,"height":252,"caption":"Estudio 75"},"image":{"@id":"https:\/\/estudio75.cl\/#\/schema\/logo\/image\/"},"sameAs":["https:\/\/www.facebook.com\/estudio75","https:\/\/www.instagram.com\/estudio75.chile\/"]}]}},"_links":{"self":[{"href":"https:\/\/estudio75.cl\/index.php\/wp-json\/wp\/v2\/pages\/23","targetHints":{"allow":["GET"]}}],"collection":[{"href":"https:\/\/estudio75.cl\/index.php\/wp-json\/wp\/v2\/pages"}],"about":[{"href":"https:\/\/estudio75.cl\/index.php\/wp-json\/wp\/v2\/types\/page"}],"author":[{"embeddable":true,"href":"https:\/\/estudio75.cl\/index.php\/wp-json\/wp\/v2\/users\/1"}],"replies":[{"embeddable":true,"href":"https:\/\/estudio75.cl\/index.php\/wp-json\/wp\/v2\/comments?post=23"}],"version-history":[{"count":16,"href":"https:\/\/estudio75.cl\/index.php\/wp-json\/wp\/v2\/pages\/23\/revisions"}],"predecessor-version":[{"id":398,"href":"https:\/\/estudio75.cl\/index.php\/wp-json\/wp\/v2\/pages\/23\/revisions\/398"}],"wp:attachment":[{"href":"https:\/\/estudio75.cl\/index.php\/wp-json\/wp\/v2\/media?parent=23"}],"curies":[{"name":"wp","href":"https:\/\/api.w.org\/{rel}","templated":true}]}}